{"id":1156,"date":"2020-04-23T07:12:57","date_gmt":"2020-04-23T07:12:57","guid":{"rendered":"https:\/\/www.bgemc.com\/?page_id=1156"},"modified":"2020-05-12T08:25:03","modified_gmt":"2020-05-12T08:25:03","slug":"chambre-entierement-anechoique","status":"publish","type":"page","link":"https:\/\/www.bgemc.com\/?page_id=1156&lang=fr","title":{"rendered":"Chambre Full an\u00e9cho\u00efque"},"content":{"rendered":"<h4>Le Blue Guide EMC Lab (BGEMC) est un centre d\u2019expertise pour les tests de Compatibilit\u00e9 \u00e9lectromagn\u00e9tique (CEM), de S\u00e9curit\u00e9 des produits (LVD et MDD) et des tests Environnementaux. Gr\u00e2ce \u00e0 des services et un support optimis\u00e9s, BGEMC garantit \u00e0 ses clients une commercialisation de leurs produits rapide, fiable et en toute s\u00e9curit\u00e9.<\/h4>\n<h4><span style=\"color: #7d64ff;\">L\u2019endroit le plus calme d\u2019Erpe-Mere<\/span><\/h4>\n<p>Afin am\u00e9liorer ses performances, le labo a investi en 2019 e.a. dans la mise en place d\u2019une nouvelle chambre de tests CEM. Il s\u2019agit d\u2019une chambre full an\u00e9cho\u00efque, dont les parois sont recouvertes d\u2019un mat\u00e9riau absorbant le rayonnement \u00e9lectromagn\u00e9tique jusqu\u2019\u00e0 6 GHz.<\/p>\n<p>Cette nouvelle chambre assure :<br \/>\n&#8211; une <strong>plus grande de capacit\u00e9 de test,<\/strong><br \/>\n&#8211; une <strong>certification optimis\u00e9e,<\/strong><br \/>\n&#8211; un support <strong> encore meilleur, plus rapide et plus fiable<\/strong><\/p>\n<h4><span style=\"color: #7d64ff;\">Qu\u2019est-ce que la CEM ?<\/span><\/h4>\n<p>La d\u00e9finition de la CEM, ou compatibilit\u00e9 \u00e9lectromagn\u00e9tique, est la fa\u00e7on dont l\u2019\u00e9quipement se comporte par rapport \u00e0 son environnement \u00e9lectromagn\u00e9tique. En d\u2019autres termes &#8211; dans quelle mesure l\u2019\u00e9quipement test\u00e9 perturbe-t-il les autres \u00e9quipements \u2013 ou dans quelle mesure l\u2019\u00e9quipement test\u00e9 est-il perturb\u00e9 par les autres \u00e9quipements ?<\/p>\n<p>La CEM se r\u00e9partit en 2 domaines de travail :<br \/>\n<span style=\"color: #7d64ff;\"><strong>\u00c9mission :<\/strong> <\/span> la mesure suivant laquelle un appareil \u00e9met un rayonnement \u00e9lectromagn\u00e9tique.<br \/>\n<span style=\"color: #7d64ff;\"><strong>Immunit\u00e9 :<\/strong><\/span> la mesure suivant laquelle un appareil r\u00e9siste aux rayonnements \u00e9lectromagn\u00e9tiques.<\/p>\n<div id='gallery-1' class='gallery galleryid-1156 gallery-columns-4 gallery-size-medium'><figure class='gallery-item'>\n\t\t\t<div class='gallery-icon landscape'>\n\t\t\t\t<img fetchpriority=\"high\" decoding=\"async\" width=\"300\" height=\"300\" src=\"https:\/\/www.bgemc.com\/wp-content\/uploads\/2019\/12\/1171-20191105_090038800pxANECH03-300x300.jpg\" class=\"attachment-medium size-medium\" alt=\"\" srcset=\"https:\/\/www.bgemc.com\/wp-content\/uploads\/2019\/12\/1171-20191105_090038800pxANECH03-300x300.jpg 300w, https:\/\/www.bgemc.com\/wp-content\/uploads\/2019\/12\/1171-20191105_090038800pxANECH03-250x250.jpg 250w, https:\/\/www.bgemc.com\/wp-content\/uploads\/2019\/12\/1171-20191105_090038800pxANECH03-768x768.jpg 768w, https:\/\/www.bgemc.com\/wp-content\/uploads\/2019\/12\/1171-20191105_090038800pxANECH03-480x480.jpg 480w, https:\/\/www.bgemc.com\/wp-content\/uploads\/2019\/12\/1171-20191105_090038800pxANECH03-100x100.jpg 100w, https:\/\/www.bgemc.com\/wp-content\/uploads\/2019\/12\/1171-20191105_090038800pxANECH03.jpg 800w\" sizes=\"(max-width: 300px) 100vw, 300px\" \/>\n\t\t\t<\/div><\/figure><figure class='gallery-item'>\n\t\t\t<div class='gallery-icon landscape'>\n\t\t\t\t<img decoding=\"async\" width=\"300\" height=\"300\" src=\"https:\/\/www.bgemc.com\/wp-content\/uploads\/2019\/12\/1171-20191105_090009800pxANECH02-300x300.jpg\" class=\"attachment-medium size-medium\" alt=\"\" srcset=\"https:\/\/www.bgemc.com\/wp-content\/uploads\/2019\/12\/1171-20191105_090009800pxANECH02-300x300.jpg 300w, https:\/\/www.bgemc.com\/wp-content\/uploads\/2019\/12\/1171-20191105_090009800pxANECH02-250x250.jpg 250w, https:\/\/www.bgemc.com\/wp-content\/uploads\/2019\/12\/1171-20191105_090009800pxANECH02-768x768.jpg 768w, https:\/\/www.bgemc.com\/wp-content\/uploads\/2019\/12\/1171-20191105_090009800pxANECH02-480x480.jpg 480w, https:\/\/www.bgemc.com\/wp-content\/uploads\/2019\/12\/1171-20191105_090009800pxANECH02-100x100.jpg 100w, https:\/\/www.bgemc.com\/wp-content\/uploads\/2019\/12\/1171-20191105_090009800pxANECH02.jpg 800w\" sizes=\"(max-width: 300px) 100vw, 300px\" \/>\n\t\t\t<\/div><\/figure><figure class='gallery-item'>\n\t\t\t<div class='gallery-icon landscape'>\n\t\t\t\t<img decoding=\"async\" width=\"300\" height=\"300\" src=\"https:\/\/www.bgemc.com\/wp-content\/uploads\/2019\/12\/1171-20191105_085901-800pxANECH01-300x300.jpg\" class=\"attachment-medium size-medium\" alt=\"\" srcset=\"https:\/\/www.bgemc.com\/wp-content\/uploads\/2019\/12\/1171-20191105_085901-800pxANECH01-300x300.jpg 300w, https:\/\/www.bgemc.com\/wp-content\/uploads\/2019\/12\/1171-20191105_085901-800pxANECH01-250x250.jpg 250w, https:\/\/www.bgemc.com\/wp-content\/uploads\/2019\/12\/1171-20191105_085901-800pxANECH01-768x768.jpg 768w, https:\/\/www.bgemc.com\/wp-content\/uploads\/2019\/12\/1171-20191105_085901-800pxANECH01-480x480.jpg 480w, https:\/\/www.bgemc.com\/wp-content\/uploads\/2019\/12\/1171-20191105_085901-800pxANECH01-100x100.jpg 100w, https:\/\/www.bgemc.com\/wp-content\/uploads\/2019\/12\/1171-20191105_085901-800pxANECH01.jpg 800w\" sizes=\"(max-width: 300px) 100vw, 300px\" \/>\n\t\t\t<\/div><\/figure><figure class='gallery-item'>\n\t\t\t<div class='gallery-icon landscape'>\n\t\t\t\t<img loading=\"lazy\" decoding=\"async\" width=\"300\" height=\"300\" src=\"https:\/\/www.bgemc.com\/wp-content\/uploads\/2020\/01\/1171-20191105_085901-800pxDETAIL-300x300.jpg\" class=\"attachment-medium size-medium\" alt=\"\" srcset=\"https:\/\/www.bgemc.com\/wp-content\/uploads\/2020\/01\/1171-20191105_085901-800pxDETAIL-300x300.jpg 300w, https:\/\/www.bgemc.com\/wp-content\/uploads\/2020\/01\/1171-20191105_085901-800pxDETAIL-250x250.jpg 250w, https:\/\/www.bgemc.com\/wp-content\/uploads\/2020\/01\/1171-20191105_085901-800pxDETAIL-768x768.jpg 768w, https:\/\/www.bgemc.com\/wp-content\/uploads\/2020\/01\/1171-20191105_085901-800pxDETAIL-480x480.jpg 480w, https:\/\/www.bgemc.com\/wp-content\/uploads\/2020\/01\/1171-20191105_085901-800pxDETAIL-100x100.jpg 100w, https:\/\/www.bgemc.com\/wp-content\/uploads\/2020\/01\/1171-20191105_085901-800pxDETAIL.jpg 800w\" sizes=\"(max-width: 300px) 100vw, 300px\" \/>\n\t\t\t<\/div><\/figure>\n\t\t<\/div>\n\n<h4><span class=\"h3\" style=\"color: #7d64ff;\">Qu\u2019est-ce qui caract\u00e9rise une chambre full an\u00e9cho\u00efque ?<\/span><\/h4>\n<p>Une chambre full an\u00e9cho\u00efque est \u00e9quip\u00e9e de mat\u00e9riaux absorbants sur toutes les surfaces, y compris le sol, contrairement \u00e0 une chambre semi-an\u00e9cho\u00efque, o\u00f9 le sol est r\u00e9fl\u00e9chissant.<\/p>\n<h4><span class=\"h3\" style=\"color: #7d64ff;\">Pouvoir tester les \u00e9missions rayonn\u00e9es et d\u2019immunit\u00e9 d\u2019un \u00e9quipement dans une chambre full an\u00e9cho\u00efque permet d\u2019\u00e9conomiser temps et argent :<\/span><\/h4>\n<ul>\n<li>D\u00e9veloppement plus rapide \u2013 vous pouvez tester votre \u00e9quipement imm\u00e9diatement apr\u00e8s l\u2019avoir (l\u00e9g\u00e8rement) modifi\u00e9.<\/li>\n<li>Moins de risques de dommages ou de fuites \u2013 les d\u00e9g\u00e2ts occasionn\u00e9s lors du transport, ainsi que la divulgation d\u2019informations lorsque votre \u00e9quipement est expos\u00e9 \u00e0 des tiers, appartiennent au pass\u00e9.<\/li>\n<li>Tests plus pr\u00e9cis \u2013 l\u2019utilisation d\u2019une installation de test con\u00e7ue exactement selon vos besoins am\u00e9liore la pr\u00e9cision.<\/li>\n<\/ul>\n<h4><span class=\"h3\" style=\"color: #7d64ff;\">Quels appareils peuvent \u00eatre test\u00e9s dans cette chambre ?<\/span><\/h4>\n<table width=\"850\" cellspacing=\"0\" cellpadding=\"0\">\n<tbody>\n<tr>\n<td align=\"left\" bgcolor=\"#ffffff\" width=\"70%\"><strong>Description<\/strong><\/td>\n<td style=\"text-align: center;\" align=\"center\" bgcolor=\"#CCCCFF\" width=\"15%\"><strong>Europe<\/strong><\/td>\n<\/tr>\n<tr>\n<td align=\"left\" bgcolor=\"#ffffff\">Audio, video and lighting control for professional use<\/td>\n<td style=\"text-align: center;\" bgcolor=\"#CCCCFF\">\u00a0+<\/td>\n<\/tr>\n<tr>\n<td bgcolor=\"#ffffff\">Broadband Data Transmission Systems (Bluetooth, Wi-Fi)<\/td>\n<td style=\"text-align: center;\" bgcolor=\"#CCCCFF\">+<\/td>\n<\/tr>\n<tr>\n<td bgcolor=\"#ffffff\">Home Building Electronic Systems and Building Automation<br \/>\n(Industrial environment)<\/td>\n<td style=\"text-align: center;\" bgcolor=\"#CCCCFF\">+<\/td>\n<\/tr>\n<tr>\n<td bgcolor=\"#ffffff\">Home Building Electronic Systems and Building Automation<br \/>\n(Residential, Commercial and Light Industrial environment)<\/td>\n<td style=\"text-align: center;\" bgcolor=\"#CCCCFF\">+<\/td>\n<\/tr>\n<tr>\n<td bgcolor=\"#ffffff\">Household Appliances, Electric Tools and similar Apparatus<\/td>\n<td style=\"text-align: center;\" bgcolor=\"#CCCCFF\">+<\/td>\n<\/tr>\n<tr>\n<td bgcolor=\"#ffffff\">Industrial, Scientific and Medical Equipment<\/td>\n<td style=\"text-align: center;\" bgcolor=\"#CCCCFF\">+<\/td>\n<\/tr>\n<tr>\n<td bgcolor=\"#ffffff\">Information Technology Equipment (ITE)<\/td>\n<td style=\"text-align: center;\" bgcolor=\"#CCCCFF\">+<\/td>\n<\/tr>\n<tr>\n<td bgcolor=\"#ffffff\">Lighting equipment<\/td>\n<td style=\"text-align: center;\" bgcolor=\"#CCCCFF\">+<\/td>\n<\/tr>\n<tr>\n<td bgcolor=\"#ffffff\">Multimedia Equipment<\/td>\n<td style=\"text-align: center;\" bgcolor=\"#CCCCFF\">+<\/td>\n<\/tr>\n<tr>\n<td bgcolor=\"#ffffff\">Railway Applications (Fixed Power Supply Installations)<\/td>\n<td style=\"text-align: center;\" bgcolor=\"#CCCCFF\">+<\/td>\n<\/tr>\n<tr>\n<td bgcolor=\"#ffffff\">Railway Applications (Rolling Stock Apparatus)<\/td>\n<td style=\"text-align: center;\" bgcolor=\"#CCCCFF\">+<\/td>\n<\/tr>\n<tr>\n<td bgcolor=\"#ffffff\">Railway Applications (Signalling and Telecommunications Apparatus)<\/td>\n<td style=\"text-align: center;\" bgcolor=\"#CCCCFF\">+<\/td>\n<\/tr>\n<tr>\n<td bgcolor=\"#ffffff\">Road Traffic Signal Systems<\/td>\n<td style=\"text-align: center;\" bgcolor=\"#CCCCFF\">+<\/td>\n<\/tr>\n<tr>\n<td bgcolor=\"#ffffff\">Short-Range Devices (SRD)<\/td>\n<td style=\"text-align: center;\" bgcolor=\"#CCCCFF\">+<\/td>\n<\/tr>\n<\/tbody>\n<\/table>\n<p>&nbsp;<\/p>\n<h4><span class=\"h3\" style=\"color: #7d64ff;\">\u00c0 quels appareils cela s\u2019applique-t-il ?<br \/>\n<\/span><\/h4>\n<p>Tout type d\u2019appareil \u00e0 l\u2019exception des appareils pos\u00e9s au sol.<br \/>\nPoids unitaire jusqu\u2019\u00e0 80 kg<br \/>\nLa taille de l\u2019appareil est jusqu\u2019\u00e0 1,2 m\u00e8tre de largueur et 75 cm de hauteur.<\/p>\n<p>Les alimentations \u00e9lectriques suivantes sont disponibles :<\/p>\n<ul>\n<li>230V\/50Hz (AC)<\/li>\n<li>0 \u00e0 18V (DC) \u00e0 10 A<\/li>\n<li>18V \u00e0 32V (DC) \u00e0 5A<\/li>\n<\/ul>\n","protected":false},"excerpt":{"rendered":"<p>Le Blue Guide EMC Lab (BGEMC) est un centre d\u2019expertise pour les tests de Compatibilit\u00e9 \u00e9lectromagn\u00e9tique (CEM), de S\u00e9curit\u00e9 des produits (LVD et MDD) et<\/p>\n","protected":false},"author":1,"featured_media":108,"parent":0,"menu_order":1,"comment_status":"closed","ping_status":"closed","template":"","meta":{"inline_featured_image":false,"footnotes":""},"class_list":["post-1156","page","type-page","status-publish","has-post-thumbnail","hentry"],"_links":{"self":[{"href":"https:\/\/www.bgemc.com\/index.php?rest_route=\/wp\/v2\/pages\/1156","targetHints":{"allow":["GET"]}}],"collection":[{"href":"https:\/\/www.bgemc.com\/index.php?rest_route=\/wp\/v2\/pages"}],"about":[{"href":"https:\/\/www.bgemc.com\/index.php?rest_route=\/wp\/v2\/types\/page"}],"author":[{"embeddable":true,"href":"https:\/\/www.bgemc.com\/index.php?rest_route=\/wp\/v2\/users\/1"}],"replies":[{"embeddable":true,"href":"https:\/\/www.bgemc.com\/index.php?rest_route=%2Fwp%2Fv2%2Fcomments&post=1156"}],"version-history":[{"count":0,"href":"https:\/\/www.bgemc.com\/index.php?rest_route=\/wp\/v2\/pages\/1156\/revisions"}],"wp:featuredmedia":[{"embeddable":true,"href":"https:\/\/www.bgemc.com\/index.php?rest_route=\/wp\/v2\/media\/108"}],"wp:attachment":[{"href":"https:\/\/www.bgemc.com\/index.php?rest_route=%2Fwp%2Fv2%2Fmedia&parent=1156"}],"curies":[{"name":"wp","href":"https:\/\/api.w.org\/{rel}","templated":true}]}}