{"id":154,"date":"2018-02-15T23:11:43","date_gmt":"2018-02-15T23:11:43","guid":{"rendered":"https:\/\/www.bgemc.com\/wp\/?page_id=154"},"modified":"2020-06-25T08:52:25","modified_gmt":"2020-06-25T08:52:25","slug":"debug-corner-3","status":"publish","type":"page","link":"https:\/\/www.bgemc.com\/?page_id=154&lang=fr","title":{"rendered":"Debug corner"},"content":{"rendered":"<p>En utilisant le \u00abdebug corner\u00bb, le concepteur dispose d&#8217;un environnement d&#8217;exp\u00e9rimentation, incluant les \u00e9quipements n\u00e9cessaires (partiellement non conformes). Il peut y apporter des modifications \u00e0 sa conception, effectuer des mesures, modifier la configuration de test, l&#8217;exp\u00e9rimenter, &#8230; afin de r\u00e9soudre son probl\u00e8me. Sur demande, il peut \u00eatre assist\u00e9 et\/ou conseill\u00e9 par un sp\u00e9cialiste dans le domaine de la conception CEM et DBT.<br \/>\n<img fetchpriority=\"high\" decoding=\"async\" class=\"alignleft wp-image-889 size-full\" src=\"https:\/\/www.bgemc.com\/wp-content\/uploads\/2019\/04\/1158-debugcorner.png\" alt=\"\" width=\"300\" height=\"300\" srcset=\"https:\/\/www.bgemc.com\/wp-content\/uploads\/2019\/04\/1158-debugcorner.png 300w, https:\/\/www.bgemc.com\/wp-content\/uploads\/2019\/04\/1158-debugcorner-250x250.png 250w, https:\/\/www.bgemc.com\/wp-content\/uploads\/2019\/04\/1158-debugcorner-100x100.png 100w\" sizes=\"(max-width: 300px) 100vw, 300px\" \/><\/p>\n","protected":false},"excerpt":{"rendered":"<p>En utilisant le \u00abdebug corner\u00bb, le concepteur dispose d&#8217;un environnement d&#8217;exp\u00e9rimenta \u2026<\/p>\n","protected":false},"author":1,"featured_media":110,"parent":0,"menu_order":3,"comment_status":"closed","ping_status":"closed","template":"page-templates\/template-portfolio.php","meta":{"inline_featured_image":false,"footnotes":""},"class_list":["post-154","page","type-page","status-publish","has-post-thumbnail","hentry"],"_links":{"self":[{"href":"https:\/\/www.bgemc.com\/index.php?rest_route=\/wp\/v2\/pages\/154","targetHints":{"allow":["GET"]}}],"collection":[{"href":"https:\/\/www.bgemc.com\/index.php?rest_route=\/wp\/v2\/pages"}],"about":[{"href":"https:\/\/www.bgemc.com\/index.php?rest_route=\/wp\/v2\/types\/page"}],"author":[{"embeddable":true,"href":"https:\/\/www.bgemc.com\/index.php?rest_route=\/wp\/v2\/users\/1"}],"replies":[{"embeddable":true,"href":"https:\/\/www.bgemc.com\/index.php?rest_route=%2Fwp%2Fv2%2Fcomments&post=154"}],"version-history":[{"count":0,"href":"https:\/\/www.bgemc.com\/index.php?rest_route=\/wp\/v2\/pages\/154\/revisions"}],"wp:featuredmedia":[{"embeddable":true,"href":"https:\/\/www.bgemc.com\/index.php?rest_route=\/wp\/v2\/media\/110"}],"wp:attachment":[{"href":"https:\/\/www.bgemc.com\/index.php?rest_route=%2Fwp%2Fv2%2Fmedia&parent=154"}],"curies":[{"name":"wp","href":"https:\/\/api.w.org\/{rel}","templated":true}]}}