{"id":2609,"date":"2026-01-30T09:15:17","date_gmt":"2026-01-30T09:15:17","guid":{"rendered":"https:\/\/www.bgemc.com\/?page_id=2609"},"modified":"2026-03-27T07:42:19","modified_gmt":"2026-03-27T07:42:19","slug":"brouillard-salin","status":"publish","type":"page","link":"https:\/\/www.bgemc.com\/?page_id=2609&lang=fr","title":{"rendered":"Brouillard salin"},"content":{"rendered":"\t\t<div data-elementor-type=\"wp-page\" data-elementor-id=\"2609\" class=\"elementor elementor-2609\" data-elementor-post-type=\"page\">\n\t\t\t\t\t\t<section class=\"elementor-section elementor-top-section elementor-element elementor-element-64a58263 elementor-section-boxed elementor-section-height-default elementor-section-height-default\" data-id=\"64a58263\" data-element_type=\"section\" data-e-type=\"section\">\n\t\t\t\t\t\t<div class=\"elementor-container elementor-column-gap-default\">\n\t\t\t\t\t<div class=\"elementor-column elementor-col-100 elementor-top-column elementor-element elementor-element-6e6f5df6\" data-id=\"6e6f5df6\" data-element_type=\"column\" data-e-type=\"column\">\n\t\t\t<div class=\"elementor-widget-wrap elementor-element-populated\">\n\t\t\t\t\t\t<div class=\"elementor-element elementor-element-53a88ebb elementor-widget elementor-widget-text-editor\" data-id=\"53a88ebb\" data-element_type=\"widget\" data-e-type=\"widget\" data-widget_type=\"text-editor.default\">\n\t\t\t\t<div class=\"elementor-widget-container\">\n\t\t\t\t\t\t\t\t\t<p>L&#8217;essai <strong>IEC 60068-2-52 (essai Kb)<\/strong> est un essai de brouillard salin cyclique (\u00e9galement appel\u00e9 essai de brouillard salin) permettant d&#8217;\u00e9valuer la r\u00e9sistance \u00e0 la corrosion des composants et des \u00e9quipements.<\/p><p>Il s&#8217;agit d&#8217;un essai normalis\u00e9 visant \u00e0 d\u00e9terminer si les produits peuvent r\u00e9sister \u00e0 des environnements salins par le biais de cycles r\u00e9p\u00e9t\u00e9s de brouillard salin, de temp\u00e9ratures \u00e9lev\u00e9es et de conditions s\u00e8ches ou humides. Les modalit\u00e9s pr\u00e9cises de l&#8217;essai, telles que le nombre de cycles, varient en fonction de sa s\u00e9v\u00e9rit\u00e9.<\/p><div><p><strong>\u00c0 qui s&#8217;adresse ce test\u00a0?<\/strong><\/p><p>Ce test concerne les fabricants et concepteurs de produits destin\u00e9s \u00e0 \u00eatre expos\u00e9s \u00e0 un environnement salin, tels que\u00a0:<\/p><ul><li>Pi\u00e8ces automobiles<\/li><li>\u00c9quipements marins<\/li><li>Composants \u00e9lectroniques<\/li><li>Autres produits devant r\u00e9pondre \u00e0 des exigences sp\u00e9cifiques en mati\u00e8re de corrosion.<\/li><\/ul><p>Comparaison avec d&#8217;autres tests de brouillard salin<\/p><p><strong>IEC 60068-2-11 (Test Ka)\u00a0:<\/strong> Il s&#8217;agit d&#8217;un test de brouillard salin continu, consistant \u00e0 projeter un brouillard salin continu \u00e0 une temp\u00e9rature constante de 35 \u00b0C. Ce test est moins repr\u00e9sentatif d&#8217;une exposition cyclique que l&#8217;IEC 60068-2-52, mais constitue une bonne alternative.<\/p><\/div><div><p><img fetchpriority=\"high\" decoding=\"async\" class=\"aligncenter\" src=\"https:\/\/www.bgemc.com\/wp-content\/uploads\/2026\/01\/zoutnevel-300x225.png\" alt=\"\" width=\"300\" height=\"225\" \/><\/p><\/div><div>\u00a0<\/div><div>\u00a0<\/div><div>\u00a0<\/div>\t\t\t\t\t\t\t\t<\/div>\n\t\t\t\t<\/div>\n\t\t\t\t\t<\/div>\n\t\t<\/div>\n\t\t\t\t\t<\/div>\n\t\t<\/section>\n\t\t\t\t<\/div>\n\t\t","protected":false},"excerpt":{"rendered":"<p>L&#8217;essai IEC 60068-2-52 (essai Kb) est un essai de brouillard salin cyclique (\u00e9galement appel\u00e9 essai de brouillard salin) permettant d&#8217;\u00e9valuer la r\u00e9sistance \u00e0 la corrosion<\/p>\n","protected":false},"author":6,"featured_media":0,"parent":0,"menu_order":1,"comment_status":"closed","ping_status":"closed","template":"","meta":{"inline_featured_image":false,"footnotes":""},"class_list":["post-2609","page","type-page","status-publish","hentry"],"_links":{"self":[{"href":"https:\/\/www.bgemc.com\/index.php?rest_route=\/wp\/v2\/pages\/2609","targetHints":{"allow":["GET"]}}],"collection":[{"href":"https:\/\/www.bgemc.com\/index.php?rest_route=\/wp\/v2\/pages"}],"about":[{"href":"https:\/\/www.bgemc.com\/index.php?rest_route=\/wp\/v2\/types\/page"}],"author":[{"embeddable":true,"href":"https:\/\/www.bgemc.com\/index.php?rest_route=\/wp\/v2\/users\/6"}],"replies":[{"embeddable":true,"href":"https:\/\/www.bgemc.com\/index.php?rest_route=%2Fwp%2Fv2%2Fcomments&post=2609"}],"version-history":[{"count":6,"href":"https:\/\/www.bgemc.com\/index.php?rest_route=\/wp\/v2\/pages\/2609\/revisions"}],"predecessor-version":[{"id":2671,"href":"https:\/\/www.bgemc.com\/index.php?rest_route=\/wp\/v2\/pages\/2609\/revisions\/2671"}],"wp:attachment":[{"href":"https:\/\/www.bgemc.com\/index.php?rest_route=%2Fwp%2Fv2%2Fmedia&parent=2609"}],"curies":[{"name":"wp","href":"https:\/\/api.w.org\/{rel}","templated":true}]}}