{"id":2646,"date":"2026-02-06T11:27:25","date_gmt":"2026-02-06T11:27:25","guid":{"rendered":"https:\/\/www.bgemc.com\/?page_id=2646"},"modified":"2026-02-06T11:32:15","modified_gmt":"2026-02-06T11:32:15","slug":"ip-protection-contre-les-intrusions","status":"publish","type":"page","link":"https:\/\/www.bgemc.com\/?page_id=2646&lang=fr","title":{"rendered":"IP (Protection contre les intrusions)"},"content":{"rendered":"<p>Contactez-nous pour plus d&#8217;informations sur notre offre de tests IP.<\/p>\n<p><strong><span dir=\"auto\" style=\"color: #7d64ff;\">Aper\u00e7u<\/span><\/strong><\/p>\n<table>\n<tbody>\n<tr>\n<th rowspan=\"2\" bgcolor=\"#eaecf0\"><span dir=\"auto\"><span class=\"\" dir=\"auto\">Lettres cod\u00e9es<\/span><\/span><\/th>\n<th bgcolor=\"#eaecf0\">Premi\u00e8re lettre<\/th>\n<th bgcolor=\"#eaecf0\"><span dir=\"auto\"><span class=\"\" dir=\"auto\">Deuxi\u00e8me lettre<\/span><\/span><\/th>\n<td bgcolor=\"#eaecf0\"><span dir=\"auto\">Troisi\u00e8me<\/span><\/td>\n<td bgcolor=\"#eaecf0\"><span dir=\"auto\">Suppl\u00e9mentaire<\/span><\/td>\n<td bgcolor=\"#eaecf0\"><span dir=\"auto\">Suppl\u00e9mentaire<\/span><\/td>\n<\/tr>\n<tr>\n<th bgcolor=\"#eaecf0\"><span dir=\"auto\"><span class=\"\" dir=\"auto\">Protection contre les objets<\/span><\/span><\/th>\n<th bgcolor=\"#eaecf0\"><span dir=\"auto\"><span class=\"\" dir=\"auto\">Protection contre l&#8217;humidit\u00e9<\/span><\/span><\/th>\n<td bgcolor=\"#eaecf0\"><span dir=\"auto\">R\u00e9sistance aux chocs m\u00e9caniques<\/span><\/td>\n<td colspan=\"2\" bgcolor=\"#eaecf0\"><span dir=\"auto\">Autres protections<\/span><\/td>\n<\/tr>\n<tr>\n<td><span dir=\"auto\">IP (Indice de protection)<\/span><\/td>\n<td><span dir=\"auto\">0\u20136 ou X<\/span><\/td>\n<td><span dir=\"auto\">0 \u00e0 9 ou X<\/span><\/td>\n<td><span dir=\"auto\">0\u20139<\/span><\/td>\n<td><span dir=\"auto\">Lettre<\/span><\/td>\n<td><span dir=\"auto\">Lettre<\/span><\/td>\n<\/tr>\n<tr>\n<td><span dir=\"auto\">Par d\u00e9finition<\/span><\/td>\n<td><span dir=\"auto\">Oblig\u00e9<\/span><\/td>\n<td><span dir=\"auto\">Oblig\u00e9<\/span><\/td>\n<td><span dir=\"auto\">N&#8217;est plus utilis\u00e9<\/span><\/td>\n<td colspan=\"2\"><span dir=\"auto\">Facultatif<\/span><\/td>\n<\/tr>\n<\/tbody>\n<\/table>\n<p><strong><span dir=\"auto\"><span class=\"\" dir=\"auto\" style=\"color: #7d64ff;\">Premi\u00e8rement : Protection contre les objets<\/span><\/span><\/strong><\/p>\n<p><span dir=\"auto\">Le premier chiffre indique le niveau de protection que le bo\u00eetier offre contre l&#8217;acc\u00e8s aux pi\u00e8ces dangereuses (par exemple, les conducteurs \u00e9lectriques, les pi\u00e8ces mobiles) et la p\u00e9n\u00e9tration de corps \u00e9trangers solides.<\/span><\/p>\n<table>\n<tbody>\n<tr>\n<th bgcolor=\"#eaecf0\"><span dir=\"auto\">Niveau<\/span><\/th>\n<th bgcolor=\"#eaecf0\"><span dir=\"auto\">R\u00e9sistant \u00e0<\/span><\/th>\n<th bgcolor=\"#eaecf0\"><span dir=\"auto\">Description<\/span><\/th>\n<\/tr>\n<tr>\n<th bgcolor=\"#eaecf0\"><span dir=\"auto\">X<\/span><\/th>\n<td><span dir=\"auto\">\u2014<\/span><\/td>\n<td><span dir=\"auto\">X signifie qu&#8217;aucune donn\u00e9e n&#8217;est disponible pour sp\u00e9cifier une classification de protection relative \u00e0 ce crit\u00e8re.<\/span><\/td>\n<\/tr>\n<tr>\n<th bgcolor=\"#eaecf0\"><span dir=\"auto\">0<\/span><\/th>\n<td><span dir=\"auto\">\u2014<\/span><\/td>\n<td><span dir=\"auto\">Aucune protection contre le contact avec les objets et leur p\u00e9n\u00e9tration.<\/span><\/td>\n<\/tr>\n<tr>\n<th bgcolor=\"#eaecf0\"><span dir=\"auto\">1<\/span><\/th>\n<td><span dir=\"auto\">&gt; 50 mm<\/span><br \/>\n<span dir=\"auto\">2,0 po<\/span><\/td>\n<td><span dir=\"auto\">Toute grande surface du corps, comme le dos de la main, mais ne prot\u00e8ge pas contre un contact intentionnel avec une partie du corps.<\/span><\/td>\n<\/tr>\n<tr>\n<th bgcolor=\"#eaecf0\"><span dir=\"auto\">2<\/span><\/th>\n<td><span dir=\"auto\">&gt; 12,5 mm<\/span><br \/>\n<span dir=\"auto\">0,49 po<\/span><\/td>\n<td class=\"has-text-align-center\" data-align=\"center\"><span dir=\"auto\">Doigts ou objets similaires<\/span><\/td>\n<\/tr>\n<tr>\n<th bgcolor=\"#eaecf0\"><span dir=\"auto\">3<\/span><\/th>\n<td><span dir=\"auto\">&gt;&gt; 2,5 mm<\/span><br \/>\n<span dir=\"auto\">0,098 po<\/span><\/td>\n<td><span dir=\"auto\">Outils, fils \u00e9pais, etc.<\/span><\/td>\n<\/tr>\n<tr>\n<th bgcolor=\"#eaecf0\"><span dir=\"auto\">4<\/span><\/th>\n<td><span dir=\"auto\">&gt; 1 mm<\/span><br \/>\n<span dir=\"auto\">0,039 po<\/span><\/td>\n<td><span dir=\"auto\">La plupart des fils \u00e9lectriques, des vis fines, des grosses fourmis, etc.<\/span><\/td>\n<\/tr>\n<tr>\n<th bgcolor=\"#eaecf0\"><span dir=\"auto\">5<\/span><\/th>\n<td><span dir=\"auto\">Poussi\u00e8re<\/span><\/td>\n<td><span dir=\"auto\">L\u2019entr\u00e9e de poussi\u00e8re n\u2019est pas totalement emp\u00each\u00e9e, mais elle ne doit pas p\u00e9n\u00e9trer en quantit\u00e9 suffisante pour nuire au bon fonctionnement de l\u2019\u00e9quipement.<\/span><\/td>\n<\/tr>\n<tr>\n<th bgcolor=\"#eaecf0\"><span dir=\"auto\">6<\/span><\/th>\n<td><span dir=\"auto\">\u00c9tanch\u00e9it\u00e9 \u00e0 la poussi\u00e8re<\/span><\/td>\n<td><span dir=\"auto\">Aucune infiltration de poussi\u00e8re\u00a0; protection totale contre le contact (\u00e9tanche \u00e0 la poussi\u00e8re). Un vide est n\u00e9cessaire. Dur\u00e9e du test\u00a0: jusqu\u2019\u00e0 8\u00a0heures, selon le d\u00e9bit d\u2019air.<\/span><\/td>\n<\/tr>\n<\/tbody>\n<\/table>\n<p><strong><span dir=\"auto\" style=\"color: #7d64ff;\">Deuxi\u00e8mement : Protection contre l&#8217;humidit\u00e9<\/span><\/strong><\/p>\n<p><span dir=\"auto\">Le deuxi\u00e8me chiffre indique le niveau de protection du bo\u00eetier contre les infiltrations d&#8217;eau. Les indices d&#8217;\u00e9tanch\u00e9it\u00e9 ne sont pas cumulatifs au-del\u00e0 de IPX6. Un appareil conforme \u00e0 la norme IPX7 (protection contre l&#8217;immersion dans l&#8217;eau) ne r\u00e9pond pas n\u00e9cessairement aux normes IPX5 ou IPX6 (protection contre les jets d&#8217;eau). Un appareil conforme aux deux normes est indiqu\u00e9 par une barre oblique, par exemple\u00a0: IPX5\/IPX7.<\/span><\/p>\n<table>\n<tbody>\n<tr>\n<th bgcolor=\"#eaecf0\"><span dir=\"auto\">Niveau<\/span><\/th>\n<th bgcolor=\"#eaecf0\"><span dir=\"auto\">Protection contre<\/span><\/th>\n<th bgcolor=\"#eaecf0\"><span dir=\"auto\">Efficace contre<\/span><\/th>\n<th bgcolor=\"#eaecf0\"><span dir=\"auto\">D\u00e9tails<\/span><\/th>\n<\/tr>\n<tr>\n<th bgcolor=\"#eaecf0\"><span dir=\"auto\">X<\/span><\/th>\n<td><span dir=\"auto\">\u2014<\/span><\/td>\n<td><span dir=\"auto\">\u2014<\/span><\/td>\n<td><span dir=\"auto\">X signifie qu&#8217;aucune donn\u00e9e n&#8217;est disponible pour sp\u00e9cifier une classification de protection relative \u00e0 ce crit\u00e8re.<\/span><\/td>\n<\/tr>\n<tr>\n<th bgcolor=\"#eaecf0\"><span dir=\"auto\">0<\/span><\/th>\n<td><span dir=\"auto\">Aucun<\/span><\/td>\n<td><span dir=\"auto\">\u2014<\/span><\/td>\n<td><span dir=\"auto\">Aucune protection contre les infiltrations d&#8217;eau.<\/span><\/td>\n<\/tr>\n<tr>\n<th bgcolor=\"#eaecf0\"><span dir=\"auto\">1<\/span><\/th>\n<td><span dir=\"auto\">Eau qui goutte<\/span><\/td>\n<td><span dir=\"auto\">L&#8217;eau qui goutte (gouttes tombant verticalement) n&#8217;a aucun effet nocif sur l&#8217;\u00e9chantillon lorsqu&#8217;il est mont\u00e9 verticalement sur un plateau tournant et qu&#8217;il tourne \u00e0 1 tour par minute.<\/span><\/td>\n<td><span dir=\"auto\">Dur\u00e9e du test\u00a0: 10 minutes. Volume d\u2019eau \u00e9quivalent \u00e0 1 mm de pluie par minute.<\/span><\/td>\n<\/tr>\n<tr>\n<th bgcolor=\"#eaecf0\"><span dir=\"auto\">2<\/span><\/th>\n<td><span dir=\"auto\">Goutte d&#8217;eau inclin\u00e9e \u00e0 15\u00b0<\/span><\/td>\n<td><span dir=\"auto\">L&#8217;\u00e9coulement vertical d&#8217;eau ne doit avoir aucun effet n\u00e9faste lorsque l&#8217;enceinte est inclin\u00e9e \u00e0 un angle de 15\u00b0 par rapport \u00e0 sa position normale. Quatre positions au total, r\u00e9parties sur deux axes, sont test\u00e9es.<\/span><\/td>\n<td><span dir=\"auto\">Dur\u00e9e du test\u00a0: 2,5 minutes pour chaque direction d\u2019inclinaison (10 minutes au total).<\/span><br \/>\n<span dir=\"auto\">\u00c9quivalent en eau \u00e0 3 mm de pluie par minute.<\/span><\/td>\n<\/tr>\n<tr>\n<th bgcolor=\"#eaecf0\"><span dir=\"auto\">3<\/span><\/th>\n<td><span dir=\"auto\">\u00c9clabousser l&#8217;eau<\/span><\/td>\n<td><span dir=\"auto\">L&#8217;eau frappant la peau sous un angle allant jusqu&#8217;\u00e0 60\u00b0 par rapport \u00e0 la verticale ne doit avoir aucun effet nocif, \u00e0 condition que\u00a0: a) un dispositif oscillant ou b) une buse de pulv\u00e9risation munie d&#8217;un contrepoids soit utilis\u00e9e. L&#8217;essai a) est r\u00e9alis\u00e9 pendant 5 minutes, puis r\u00e9p\u00e9t\u00e9 avec l&#8217;objet pivot\u00e9 de 90\u00b0 horizontalement pendant une seconde p\u00e9riode de 5 minutes. L&#8217;essai b) est r\u00e9alis\u00e9 (avec un contrepoids) pendant au moins 5 minutes.<\/span><\/td>\n<td><span dir=\"auto\">Pour une buse de pulv\u00e9risation\u00a0: Dur\u00e9e du test\u00a0: 1 minute par m\u00e8tre carr\u00e9 pendant au moins 5 minutes. D\u00e9bit d\u2019eau\u00a0: 10 litres par minute (0,037 impgal\/s). Pression\u00a0: 50\u2013150\u00a0kPa (7,3\u201321,8\u00a0psi). Pour un tuyau oscillant\u00a0: Dur\u00e9e du test\u00a0: 10 minutes. D\u00e9bit d\u2019eau\u00a0: 0,07 litre par minute (0,00026 impgal\/s) par orifice.<\/span><\/td>\n<\/tr>\n<tr>\n<th bgcolor=\"#eaecf0\"><span dir=\"auto\">4<\/span><\/th>\n<td><span dir=\"auto\">\u00c9claboussure d&#8217;eau<\/span><\/td>\n<td><span dir=\"auto\">Les projections d&#8217;eau contre l&#8217;enceinte, quelle que soit leur provenance, ne doivent avoir aucun effet n\u00e9faste, que l&#8217;on utilise\u00a0: a) un dispositif oscillant ou b) une buse de pulv\u00e9risation non prot\u00e9g\u00e9e. L&#8217;essai a) dure 10\u00a0minutes. L&#8217;essai b) (sans protection) dure au moins 5\u00a0minutes.<\/span><\/td>\n<td><span dir=\"auto\">Tube oscillant\u00a0: Dur\u00e9e du test\u00a0: 10\u00a0minutes, ou buse de pulv\u00e9risation (identique \u00e0 une buse de pulv\u00e9risation IPX3 sans capuchon de protection)<\/span><\/td>\n<\/tr>\n<tr>\n<th bgcolor=\"#eaecf0\"><span dir=\"auto\">5<\/span><\/th>\n<td><span dir=\"auto\">Eau pulv\u00e9ris\u00e9e<\/span><\/td>\n<td><span dir=\"auto\">L&#8217;eau pulv\u00e9ris\u00e9e contre l&#8217;enceinte depuis n&#8217;importe quelle direction \u00e0 travers une buse (6,3 mm (0,25 po)) ne doit avoir aucun effet nocif.<\/span><\/td>\n<td><span dir=\"auto\">Dur\u00e9e du test\u00a0: 1 minute par m\u00e8tre carr\u00e9 pendant au moins 3 minutes. D\u00e9bit d\u2019eau\u00a0: 12,5 litres par minute. Pression\u00a0: 30 kPa (4,4 psi) \u00e0 une distance de 3 m\u00e8tres.<\/span><\/td>\n<\/tr>\n<tr>\n<th bgcolor=\"#eaecf0\"><span dir=\"auto\">6<\/span><\/th>\n<td><span dir=\"auto\">Eau pulv\u00e9ris\u00e9e<\/span><\/td>\n<td><span dir=\"auto\">L&#8217;eau projet\u00e9e en jets puissants (12,5 mm (0,49 po)) contre l&#8217;enceinte de n&#8217;importe quelle direction ne doit avoir aucun effet nocif.<\/span><\/td>\n<td><span dir=\"auto\">Dur\u00e9e du test\u00a0: 1 minute par m\u00e8tre carr\u00e9 pendant au moins 3 minutes. D\u00e9bit d\u2019eau\u00a0: 100 litres par minute (0,37 impgal\/s). Pression\u00a0: 100 kPa (15 psi) \u00e0 une distance de 3 m\u00e8tres (9,8 pieds).<\/span><\/td>\n<\/tr>\n<tr>\n<th bgcolor=\"#eaecf0\"><span dir=\"auto\">6K<\/span><\/th>\n<td><span dir=\"auto\">Puissants jets d&#8217;eau sous pression accrue<\/span><\/td>\n<td><span dir=\"auto\">L&#8217;eau pulv\u00e9ris\u00e9e sur l&#8217;enceinte depuis n&#8217;importe quelle direction \u00e0 l&#8217;aide de jets puissants (buse de 6,3 mm) sous pression accrue ne doit avoir aucun effet n\u00e9faste. Cette exigence est sp\u00e9cifi\u00e9e dans la norme DIN 40050, et non dans la norme IEC 60529.<\/span><\/td>\n<td><span dir=\"auto\">Dur\u00e9e du test\u00a0: minimum 3 minutes<\/span><br \/>\n<span dir=\"auto\">D\u00e9bit d\u2019eau\u00a0: 75 litres par minute (0,27 impgal\/s) Pression\u00a0: 1\u00a0000 kPa (150 psi) \u00e0 une distance de 3 m\u00e8tres (9,8 pieds)<\/span><\/td>\n<\/tr>\n<tr>\n<th bgcolor=\"#eaecf0\"><span dir=\"auto\">7<\/span><\/th>\n<td><span dir=\"auto\">Immersion \u00e0 une profondeur de 1 m\u00e8tre (3 pieds 3 pouces).<\/span><\/td>\n<td><span dir=\"auto\">L&#8217;entr\u00e9e d&#8217;eau en quantit\u00e9s nocives ne doit pas \u00eatre possible lorsque l&#8217;enceinte est immerg\u00e9e dans l&#8217;eau dans des conditions de pression et de temps d\u00e9finies (jusqu&#8217;\u00e0 1 m\u00e8tre de submersion).<\/span><\/td>\n<td><span dir=\"auto\">Dur\u00e9e du test : 30 minutes. Test\u00e9 avec le point le plus bas du bo\u00eetier \u00e0 1000 mm (39 pouces) sous la surface de l&#8217;eau, ou le point le plus haut \u00e0 150 mm (5,9 pouces) sous la surface de l&#8217;eau, selon la valeur la plus \u00e9lev\u00e9e.<\/span><\/td>\n<\/tr>\n<tr>\n<th bgcolor=\"#eaecf0\"><span dir=\"auto\">8<\/span><\/th>\n<td><span dir=\"auto\">Immersion \u00e0 une profondeur de 1 m\u00e8tre (3 pieds 3 pouces) ou plus<\/span><\/td>\n<td><span dir=\"auto\">L&#8217;\u00e9quipement est con\u00e7u pour une immersion continue dans l&#8217;eau dans les conditions sp\u00e9cifi\u00e9es par le fabricant. Cependant, pour certains types d&#8217;\u00e9quipements, cela peut impliquer une infiltration d&#8217;eau, mais uniquement sans risque de dommages. La profondeur et la dur\u00e9e du test devraient d\u00e9passer les exigences de la norme IPx7, et d&#8217;autres facteurs environnementaux peuvent intervenir, tels que des variations de temp\u00e9rature avant l&#8217;immersion.<\/span><\/td>\n<td><span dir=\"auto\">Dur\u00e9e du test : En consultation avec le fabricant, profondeur sp\u00e9cifi\u00e9e par le fabricant, g\u00e9n\u00e9ralement jusqu&#8217;\u00e0 3 m\u00e8tres (9,8 pieds).<\/span><\/td>\n<\/tr>\n<tr>\n<th bgcolor=\"#eaecf0\"><span dir=\"auto\">9K<\/span><\/th>\n<td><span dir=\"auto\">Jets d&#8217;eau puissants \u00e0 haute temp\u00e9rature<\/span><\/td>\n<td><span dir=\"auto\">Protection contre les projections \u00e0 haute pression et haute temp\u00e9rature \u00e0 courte distance. Les petits \u00e9chantillons sont mis en rotation lente sur un plateau tournant selon quatre angles pr\u00e9cis. Les \u00e9chantillons plus grands sont fix\u00e9s dans la position souhait\u00e9e, sans plateau tournant, et test\u00e9s manuellement pendant au moins 3 minutes \u00e0 une distance de 0,15 \u00e0 0,2 m\u00e8tre. Les exigences sp\u00e9cifiques relatives \u00e0 la buse d&#8217;essai sont pr\u00e9sent\u00e9es dans les figures 7, 8 et 9 de la norme CEI (ou EN) 60529. Cet essai est d\u00e9sign\u00e9 IPx9 dans la norme CEI 60529.<\/span><\/td>\n<td><span dir=\"auto\">Dur\u00e9e du test\u00a0: Avec dispositif de fixation\u00a0: 30\u00a0s dans chacun des 4\u00a0coins (2\u00a0min au total)\u00a0; \u00e0 main lev\u00e9e\u00a0: 1\u00a0min\/m\u00b2, minimum 3\u00a0min. D\u00e9bit d\u2019eau\u00a0: 14 \u00e0 16\u00a0litres par minute (0,051 \u00e0 0,059\u00a0gal\/s). Pression\u00a0: 8 \u00e0 10\u00a0MPa (80 \u00e0 100\u00a0bar) \u00e0 une distance de 0,10 \u00e0 0,15\u00a0m\u00e8tre (3,9 \u00e0 5,9\u00a0pouces). Temp\u00e9rature de l\u2019eau\u00a0: 80\u00a0\u00b0C (176\u00a0\u00b0F).<\/span><\/td>\n<\/tr>\n<\/tbody>\n<\/table>\n<p>&nbsp;<\/p>\n","protected":false},"excerpt":{"rendered":"<p>Contactez-nous pour plus d&#8217;informations sur notre offre de tests IP. Aper\u00e7u Lettres cod\u00e9es Premi\u00e8re lettre Deuxi\u00e8me lettre Troisi\u00e8me Suppl\u00e9mentaire Suppl\u00e9mentaire Protection contre les objets Protection<\/p>\n","protected":false},"author":6,"featured_media":0,"parent":0,"menu_order":0,"comment_status":"closed","ping_status":"closed","template":"","meta":{"inline_featured_image":false,"footnotes":""},"class_list":["post-2646","page","type-page","status-publish","hentry"],"_links":{"self":[{"href":"https:\/\/www.bgemc.com\/index.php?rest_route=\/wp\/v2\/pages\/2646","targetHints":{"allow":["GET"]}}],"collection":[{"href":"https:\/\/www.bgemc.com\/index.php?rest_route=\/wp\/v2\/pages"}],"about":[{"href":"https:\/\/www.bgemc.com\/index.php?rest_route=\/wp\/v2\/types\/page"}],"author":[{"embeddable":true,"href":"https:\/\/www.bgemc.com\/index.php?rest_route=\/wp\/v2\/users\/6"}],"replies":[{"embeddable":true,"href":"https:\/\/www.bgemc.com\/index.php?rest_route=%2Fwp%2Fv2%2Fcomments&post=2646"}],"version-history":[{"count":3,"href":"https:\/\/www.bgemc.com\/index.php?rest_route=\/wp\/v2\/pages\/2646\/revisions"}],"predecessor-version":[{"id":2649,"href":"https:\/\/www.bgemc.com\/index.php?rest_route=\/wp\/v2\/pages\/2646\/revisions\/2649"}],"wp:attachment":[{"href":"https:\/\/www.bgemc.com\/index.php?rest_route=%2Fwp%2Fv2%2Fmedia&parent=2646"}],"curies":[{"name":"wp","href":"https:\/\/api.w.org\/{rel}","templated":true}]}}